.
11, 577, 6353
List the prime factors of 4377714.
2, 3, 11, 19, 3491
List the prime factors of 23069154.
2, 3, 19, 202361
What are the prime factors of 66786?
2, 3, 11131
List the prime factors of 10858608.
2, 3, 75407
List the prime factors of 11651068.
2, 11, 13, 20369
What are the prime factors of 217190?
2, 5, 37, 587
What are the prime factors of 8689525?
5, 13, 26737
What are the prime factors of 1396872?
2, 3, 29, 223
List the prime factors of 22556571.
3, 1609, 4673
List the prime factors of 249406.
2, 124703
What are the prime factors of 196339?
11, 13, 1373
List the prime factors of 2362275.
3, 5, 10499
List the prime factors of 205244.
2, 13, 3947
What are the prime factors of 190049?
23, 8263
What are the prime factors of 228956?
2, 7, 13, 17, 37
What are the prime factors of 8034494?
2, 13, 309019
What are the prime factors of 982212?
2, 3, 7, 11, 1063
What are the prime factors of 486478?
2, 243239
List the prime factors of 207547.
207547
What are the prime factors of 10962421?
23, 47, 10141
List the prime factors of 322996.
2, 80749
What are the prime factors of 18749007?
3, 89, 263
What are the prime factors of 33458283?
3, 113, 167, 197
List the prime factors of 3238770.
2, 3, 5, 47, 2297
What are the prime factors of 2186780?
2, 5, 53, 2063
List the prime factors of 786951.
3, 11, 7949
List the prime factors of 4535974.
2, 17, 89, 1499
List the prime factors of 55287.
3, 6143
What are the prime factors of 94016?
2, 13, 113
List the prime factors of 844290.
2, 3, 5, 53, 59
What are the prime factors of 3768998?
2, 719, 2621
What are the prime factors of 11570517?
3, 7, 26237
What are the prime factors of 2370003?
3, 19, 41579
What are the prime factors of 7228845?
3, 5, 13, 1373
List the prime factors of 1006614.
2, 3, 7, 2663
List the prime factors of 11588598.
2, 3, 7, 1877
List the prime factors of 60851.
7, 8693
List the prime factors of 162096.
2, 3, 11, 307
What are the prime factors of 102690?
2, 3, 5, 7, 163
What are the prime factors of 3664698?
2, 3, 610783
List the prime factors of 1890763.
7, 47, 821
List the prime factors of 1127657.
1127657
What are the prime factors of 767714?
2, 19, 89, 227
List the prime factors of 6353245.
5, 1270649
What are the prime factors of 406708?
2, 17, 5981
List the prime factors of 117807.
3, 107, 367
What are the prime factors of 290604?
2, 3, 61, 397
What are the prime factors of 2907755?
5, 581551
List the prime factors of 638610.
2, 3, 5, 7, 3041
What are the prime factors of 18588033?
3, 883, 2339
What are the prime factors of 138034?
2, 13, 5309
What are the prime factors of 1303876?
2, 7, 46567
List the prime factors of 508924.
2, 13, 9787
What are the prime factors of 1861737?
3, 620579
List the prime factors of 2117198.
2, 137, 7727
What are the prime factors of 26599?
67, 397
List the prime factors of 13516307.
7, 47, 5869
What are the prime factors of 28282679?
17, 1663687
List the prime factors of 775352.
2, 19, 5101
List the prime factors of 208620.
2, 3, 5, 19, 61
What are the prime factors of 72178?
2, 151, 239
What are the prime factors of 4851913?
11, 197, 2239
List the prime factors of 1887087.
3, 629029
What are the prime factors of 301922?
2, 150961
List the prime factors of 18176.
2, 71
What are the prime factors of 16660988?
2, 1171, 3557
What are the prime factors of 1475745?
3, 5, 37, 2659
List the prime factors of 224556.
2, 3, 18713
What are the prime factors of 816089?
29, 107, 263
List the prime factors of 125274.
2, 3, 20879
What are the prime factors of 21257?
29, 733
What are the prime factors of 175187?
239, 733
What are the prime factors of 5907517?
7, 11, 17, 4513
List the prime factors of 376943.
7, 53849
List the prime factors of 170041.
97, 1753
List the prime factors of 2438637.
3, 71, 107
List the prime factors of 61743.
3, 11, 1871
List the prime factors of 12902258.
2, 139, 46411
What are the prime factors of 18049852?
2, 17, 43, 6173
List the prime factors of 2030296.
2, 253787
What are the prime factors of 2052572?
2, 31, 16553
What are the prime factors of 235833?
3, 13, 6047
What are the prime factors of 4643699?
43, 79, 1367
What are the prime factors of 36506131?
431, 84701
What are the prime factors of 1822164?
2, 3, 151847
What are the prime factors of 164240?
2, 5, 2053
List the prime factors of 544403.
544403
What are the prime factors of 409234?
2, 7, 29231
What are the prime factors of 111065?
5, 97, 229
What are the prime factors of 105884?
2, 103, 257
List the prime factors of 310812.
2, 3, 59, 439
What are the prime factors of 9770243?
7, 1395749
What are the prime factors of 1795731?
3, 7, 233, 367
List the prime factors of 4821843.
3, 13, 123637
What are the prime factors of 964002?
2, 3, 13, 17, 727
What are the prime factors of 13144373?
11, 97, 127
What are the prime factors of 38566?
2, 11, 1753
List the prime factors of 2748234.
2, 3, 458039
What are the prime factors of 5124592?
2, 11, 2647
List the prime factors of 1337354.
2, 668677
What are the prime factors of 19157391?
3, 11, 2389
List the prime factors of 1915666.
2, 73, 13121
What are the prime factors of 215795?
5, 43159
What are the prime factors of 233799?
3, 77933
List the prime factors of 481559.
13, 17, 2179
List the prime factors of 109647.
3, 31, 131
List the prime factors of 19258.
2, 9629
What are the prime factors of 34481?
29, 41
What are the prime factors of 775665?
3, 5, 11, 1567
List the prime factors of 675780.
2, 3, 5, 7, 1609
What are the prime factors of 1238991?
3, 13, 31769
What are the prime factors of 635146?
2, 227, 1399
List the prime factors of 85577.
85577
List the prime factors of 3018126.
2, 3, 661, 761
List the prime factors of 170198.
2, 7, 12157
List the prime factors of 2255650.
2, 5, 197, 229
What are the prime factors of 804122?
2, 11, 36551
What are the prime factors of 9442325?
5, 233, 1621
List the prime factors of 3367406.
2, 7, 31, 7759
What are the prime factors of 23345?
5, 7, 23, 29
List the prime factors of 2442103.
2442103
What are the prime factors of 100353?
3, 11, 3041
What are the prime factors of 476976?
2, 3, 19, 523
What are the prime factors of 331968?
2, 3, 7, 13, 19
List the prime factors of 5392556.
2, 13, 103703
List the prime factors of 1046770.
2, 5, 104677
List the prime factors of 1237197.
3, 13, 31723
List the prime factors of 1222496.
2, 11, 23, 151
What are the prime factors of 3048537?
3, 107, 9497
What are the prime factors of 3703008?
2, 3, 17, 2269
List the prime factors of 1402956.
2, 3, 38971
What are the prime factors of 60350?
2, 5, 17, 71
What are the prime factors of 25407447?
3, 13, 651473
List the prime factors of 12868857.
3, 227, 6299
List the prime factors of 98288.
2, 6143
What are the prime factors of 11678932?
2, 17, 41, 59, 71
What are the prime factors of 152504?
2, 11, 1733
List the prime factors of 32531402.
2, 983, 16547
List the prime factors of 155860.
2, 5, 7793
What are the prime factors of 398769?
3, 7, 17, 1117
List the prime factors of 4223853.
3, 73, 2143
What are the prime factors of 6294951?
3, 13, 173, 311
List the prime factors of 1376780.
2, 5, 23, 41, 73
List the prime factors of 21557088.
2, 3, 7, 17, 37
List the prime factors of 22420641.
3, 2087, 3581
List the prime factors of 3217371.
3, 1072457
What are the prime factors of 400852?
2, 100213
What are the prime factors of 936178?
2, 29, 16141
What are the prime factors of 13298864?
2, 137, 6067
What are the prime factors of 2391636?
2, 3, 13, 15331
List the prime factors of 10229422.
2, 7, 197, 3709
What are the prime factors of 644053?
644053
List the prime factors of 8142418.
2, 101, 173, 233
List the prime factors of 2914346.
2, 269, 5417
What are the prime factors of 36208381?
11, 53, 173, 359
List the prime factors of 2305118.
2, 19, 60661
What are the prime factors of 192956?
2, 48239
List the prime factors of 3037714.
2, 227, 6691
List the prime factors of 414800.
2, 5, 17, 61
List the prime factors of 913268.
2, 29, 7873
List the prime factors of 2154927.
3, 53, 13553
What are the prime factors of 137023?
263, 521
What are the prime factors of 10633568?
2, 11, 17, 1777
What are the prime factors of 205396?
2, 51349
What are the prime factors of 328014?
2, 3, 18223
List the prime factors of 442157